{"id":41,"date":"2018-05-17T23:45:33","date_gmt":"2018-05-17T21:45:33","guid":{"rendered":"http:\/\/www.maltezskyrad.cz\/gdpr\/?page_id=41"},"modified":"2018-05-24T10:33:53","modified_gmt":"2018-05-24T08:33:53","slug":"uvodni-strana","status":"publish","type":"page","link":"http:\/\/www.maltezskyrad.cz\/gdpr\/","title":{"rendered":"\u00davodn\u00ed strana"},"content":{"rendered":"<p align=\"justify\">V\u00edtejte na webov\u00fdch str\u00e1nk\u00e1ch \u010cesk\u00e9ho velkop\u0159evorstv\u00ed Suver\u00e9nn\u00edho \u0159\u00e1du Malt\u00e9zsk\u00fdch ryt\u00ed\u0159\u016f, kter\u00e9 se v\u011bnuj\u00ed problematice <em>Na\u0159\u00edzen\u00ed Evropsk\u00e9ho parlamentu a Rady (EU) 2016\/679 ze dne 27. dubna 2016 o ochran\u011b fyzick\u00fdch osob v souvislosti se zpracov\u00e1n\u00edm osobn\u00edch \u00fadaj\u016f a o voln\u00e9m pohybu t\u011bchto \u00fadaj\u016f a o zru\u0161en\u00ed sm\u011brnice 95\/46\/ES<\/em> (obecn\u00e9 na\u0159\u00edzen\u00ed o ochran\u011b osobn\u00edch \u00fadaj\u016f, zkr\u00e1cen\u011b GDPR). Na t\u011bchto str\u00e1nk\u00e1ch naleznete informace o problematice GDPR, z\u00e1sady pro zpracov\u00e1n\u00ed Va\u0161ich osobn\u00edch \u00fadaj\u016f a formul\u00e1\u0159e, kter\u00fdmi n\u00e1m sv\u00e9 osobn\u00ed \u00fadaje v p\u0159\u00edpad\u011b z\u00e1jmu poskytnete. Pros\u00edme v\u011bnujte pozornost n\u00e1sleduj\u00edc\u00edm odstavc\u016fm.<\/p>\n<h3>Co je to GDPR?<\/h3>\n<p align=\"justify\">Jedn\u00e1 se o <strong>Na\u0159\u00edzen\u00ed Evropsk\u00e9ho parlamentu a Rady (EU) 2016\/679 ze dne 27. dubna 2016 o ochran\u011b fyzick\u00fdch osob v souvislosti se zpracov\u00e1n\u00edm osobn\u00edch \u00fadaj\u016f a o voln\u00e9m pohybu t\u011bchto \u00fadaj\u016f a o zru\u0161en\u00ed sm\u011brnice 95\/46\/ES<\/strong> (obecn\u00e9 na\u0159\u00edzen\u00ed o ochran\u011b osobn\u00edch \u00fadaj\u016f, zkr\u00e1cen\u011b GDPR). Toto na\u0159\u00edzen\u00ed uv\u00e1d\u00ed, jak\u00fdm zp\u016fsobem lze nakl\u00e1dat s osobn\u00edmi \u00fadaji. Obecn\u011b sm\u011b\u0159uje k jejich zna\u010dn\u011b rozs\u00e1hl\u00e9 ochran\u011b, co\u017e v praxi znamen\u00e1 nap\u0159\u00edklad to, \u017ee V\u00e1s bez Va\u0161eho p\u0159edchoz\u00edho souhlasu (vyj\u00e1d\u0159en\u00e9ho prost\u0159ednictv\u00edm vypln\u011bn\u00ed formul\u00e1\u0159e) nebudeme moci \u017e\u00e1dn\u00fdm zp\u016fsobem leg\u00e1ln\u011b kontaktovat. Bu\u010fte tedy, pros\u00edme, p\u0159i vypl\u0148ov\u00e1n\u00ed shov\u00edvav\u00ed. Nejde o na\u0161e rozhodnut\u00ed organizaci spole\u010dn\u00fdch aktivit komplikovat, ale pouze o zcela nezbytnou inkorporaci pravidel z\u00e1vazn\u00fdch v cel\u00e9 Evropsk\u00e9 unii.<\/p>\n<h3>Jak\u00fd formul\u00e1\u0159 vyplnit?<\/h3>\n<p align=\"justify\">Formul\u00e1\u0159e pro poskytov\u00e1n\u00ed osobn\u00edch \u00fadaj\u016f jsou rozd\u011bleny do n\u011bkolika skupin na z\u00e1klad\u011b povahy Va\u0161\u00ed spolupr\u00e1ce s \u010cesk\u00fdm velkop\u0159evorstv\u00edm Suver\u00e9nn\u00edho \u0159\u00e1du Malt\u00e9zsk\u00fdch ryt\u00ed\u0159\u016f. <strong>V p\u0159\u00edpad\u011b, \u017ee spad\u00e1te do v\u00edce skupin (nap\u0159\u00edklad jste dobrovoln\u00edkem a z\u00e1rove\u0148 se \u00fa\u010dastn\u00edte \u0159\u00e1dov\u00e9 pouti do Lurd), vypl\u0148te pros\u00edme v\u0161echny relevantn\u00ed dotazn\u00edky.<\/strong> Jednotliv\u00e9 skupiny formul\u00e1\u0159\u016f jsou: <a href=\"http:\/\/www.maltezskyrad.cz\/gdpr\/clenove\/\">\u010cLENOV\u00c9 \u0158\u00c1DU<\/a> (v sou\u010dasn\u00e9 dob\u011b je jejich souhlas \u0159e\u0161en individu\u00e1ln\u00ed cestou), <a href=\"http:\/\/www.maltezskyrad.cz\/gdpr\/pani-nemocni\/\">P\u00c1NI NEMOCN\u00cd<\/a>, \u010dlenov\u00e9 <a href=\"http:\/\/www.maltezskyrad.cz\/gdpr\/dobrovolnici\/\">T\u00ddMU LOURDES<\/a>, ostatn\u00ed <a href=\"http:\/\/www.maltezskyrad.cz\/gdpr\/ostatni\/\">DOBROVOLN\u00cdCI<\/a> (nap\u0159\u00edklad p\u0159\u00edslu\u0161n\u00edci Katedr\u00e1ln\u00ed slu\u017eby, Pol\u00e9vky pro bezdomovce, pomoci uprchl\u00edk\u016fm apod.) a \u00fa\u010dastn\u00edci aktivit <a href=\"http:\/\/www.maltezskyrad.cz\/gdpr\/maltezska-mladez\/\">\u010cESK\u00c9 MALT\u00c9ZSK\u00c9 ML\u00c1DE\u017dE<\/a>, tj. dobrovoln\u00edci i host\u00e9 (nemocn\u00ed), kte\u0159\u00ed se \u00fa\u010dastn\u00ed pravideln\u00fdch v\u00fdlet\u016f, koncert\u016f, prodeje charitativn\u00edho pun\u010de, Malta Campu apod.\u201c<\/p>\n<p align=\"justify\">M\u016f\u017eeme V\u00e1s ubezpe\u010dit, \u017ee s Va\u0161imi osobn\u00edmi \u00fadaji bude zach\u00e1zeno nanejv\u00fd\u0161 obez\u0159etn\u00fdm zp\u016fsobem a nedostanou se do rukou nikoho nepovolan\u00e9ho. Z\u00e1sady pro zpracov\u00e1n\u00ed osobn\u00edch \u00fadaj\u016f jsou k dispozici <a href=\"http:\/\/www.maltezskyrad.cz\/gdpr\/zasady-pro-zpracovani-osobnich-udaju\/\">zde<\/a>.<\/p>\n<p align=\"justify\">Pokud ve Va\u0161ich osobn\u00edch \u00fadaj\u00edch dojde ke zm\u011bn\u011b, kontaktujte n\u00e1s pros\u00edme pomoc\u00ed kontaktn\u00edho formul\u00e1\u0159e v sekci <a href=\"http:\/\/www.maltezskyrad.cz\/gdpr\/zmena-osobnich-udaju\/\">Zm\u011bna osobn\u00edch \u00fadaj\u016f<\/a>. Nov\u00fd formul\u00e1\u0159 v p\u0159\u00edpad\u011b zm\u011bny nevypl\u0148ujte.<\/p>\n<p align=\"justify\">Pokud se rozhodnete n\u00e1m sv\u00e9 osobn\u00ed \u00fadaje neposkytnout, nebudete vylou\u010deni z aktivit \u010cesk\u00e9ho velkop\u0159evorstv\u00ed Suver\u00e9nn\u00edho \u0159\u00e1du Malt\u00e9zsk\u00fdch ryt\u00ed\u0159\u016f, ov\u0161em \u0158\u00e1d V\u00e1s nebude moci kontaktovat a informovat o kon\u00e1n\u00ed jednotliv\u00fdch akc\u00ed (nap\u0159\u00edklad zas\u00edl\u00e1n\u00edm p\u0159ihl\u00e1\u0161ek na akce, pozv\u00e1nek, aktu\u00e1ln\u00edch informac\u00ed apod.).<\/p>\n<p align=\"justify\">V p\u0159\u00edpad\u011b jak\u00fdchkoliv dotaz\u016f \u010di pot\u00ed\u017e\u00ed n\u00e1s nev\u00e1hejte kontaktovat!<\/p>\n","protected":false},"excerpt":{"rendered":"<p>V\u00edtejte na webov\u00fdch str\u00e1nk\u00e1ch \u010cesk\u00e9ho velkop\u0159evorstv\u00ed Suver\u00e9nn\u00edho \u0159\u00e1du Malt\u00e9zsk\u00fdch ryt\u00ed\u0159\u016f, kter\u00e9 se v\u011bnuj\u00ed problematice Na\u0159\u00edzen\u00ed Evropsk\u00e9ho parlamentu a Rady (EU) 2016\/679 ze dne 27. dubna<span class=\"read-more-link\"><a class=\"read-more\" href=\"http:\/\/www.maltezskyrad.cz\/gdpr\/\">Read More<\/a><\/span><\/p>\n","protected":false},"author":1,"featured_media":0,"parent":0,"menu_order":1,"comment_status":"closed","ping_status":"closed","template":"","meta":[],"_links":{"self":[{"href":"http:\/\/www.maltezskyrad.cz\/gdpr\/wp-json\/wp\/v2\/pages\/41"}],"collection":[{"href":"http:\/\/www.maltezskyrad.cz\/gdpr\/wp-json\/wp\/v2\/pages"}],"about":[{"href":"http:\/\/www.maltezskyrad.cz\/gdpr\/wp-json\/wp\/v2\/types\/page"}],"author":[{"embeddable":true,"href":"http:\/\/www.maltezskyrad.cz\/gdpr\/wp-json\/wp\/v2\/users\/1"}],"replies":[{"embeddable":true,"href":"http:\/\/www.maltezskyrad.cz\/gdpr\/wp-json\/wp\/v2\/comments?post=41"}],"version-history":[{"count":16,"href":"http:\/\/www.maltezskyrad.cz\/gdpr\/wp-json\/wp\/v2\/pages\/41\/revisions"}],"predecessor-version":[{"id":215,"href":"http:\/\/www.maltezskyrad.cz\/gdpr\/wp-json\/wp\/v2\/pages\/41\/revisions\/215"}],"wp:attachment":[{"href":"http:\/\/www.maltezskyrad.cz\/gdpr\/wp-json\/wp\/v2\/media?parent=41"}],"curies":[{"name":"wp","href":"https:\/\/api.w.org\/{rel}","templated":true}]}}

Úvodní strana

<p align="justify">Vítejte na webových stránkách Českého velkopřevorství Suverénního řádu Maltézských rytířů, které se věnují problematice <em>Nařízení Evropského parlamentu a Rady (EU) 2016/679 ze dne 27. dubna 2016 o ochraně fyzických osob v souvislosti se zpracováním osobních údajů a o volném pohybu těchto údajů a o zrušení směrnice 95/46/ES</em> (obecné nařízení o ochraně osobních údajů, zkráceně GDPR). Na těchto stránkách naleznete informace o problematice GDPR, zásady pro zpracování Vašich osobních údajů a formuláře, kterými nám své osobní údaje v případě zájmu poskytnete. Prosíme věnujte pozornost následujícím odstavcům.</p>
<h3>Co je to GDPR?</h3>
<p align="justify">Jedná se o <strong>Nařízení Evropského parlamentu a Rady (EU) 2016/679 ze dne 27. dubna 2016 o ochraně fyzických osob v souvislosti se zpracováním osobních údajů a o volném pohybu těchto údajů a o zrušení směrnice 95/46/ES</strong> (obecné nařízení o ochraně osobních údajů, zkráceně GDPR). Toto nařízení uvádí, jakým způsobem lze nakládat s osobními údaji. Obecně směřuje k jejich značně rozsáhlé ochraně, což v praxi znamená například to, že Vás bez Vašeho předchozího souhlasu (vyjádřeného prostřednictvím vyplnění formuláře) nebudeme moci žádným způsobem legálně kontaktovat. Buďte tedy, prosíme, při vyplňování shovívaví. Nejde o naše rozhodnutí organizaci společných aktivit komplikovat, ale pouze o zcela nezbytnou inkorporaci pravidel závazných v celé Evropské unii.</p>
<h3>Jaký formulář vyplnit?</h3>
<p align="justify">Formuláře pro poskytování osobních údajů jsou rozděleny do několika skupin na základě povahy Vaší spolupráce s Českým velkopřevorstvím Suverénního řádu Maltézských rytířů. <strong>V případě, že spadáte do více skupin (například jste dobrovolníkem a zároveň se účastníte řádové pouti do Lurd), vyplňte prosíme všechny relevantní dotazníky.</strong> Jednotlivé skupiny formulářů jsou: <a href="http://www.maltezskyrad.cz/gdpr/clenove/">ČLENOVÉ ŘÁDU</a> (v současné době je jejich souhlas řešen individuální cestou), <a href="http://www.maltezskyrad.cz/gdpr/pani-nemocni/">PÁNI NEMOCNÍ</a>, členové <a href="http://www.maltezskyrad.cz/gdpr/dobrovolnici/">TÝMU LOURDES</a>, ostatní <a href="http://www.maltezskyrad.cz/gdpr/ostatni/">DOBROVOLNÍCI</a> (například příslušníci Katedrální služby, Polévky pro bezdomovce, pomoci uprchlíkům apod.) a účastníci aktivit <a href="http://www.maltezskyrad.cz/gdpr/maltezska-mladez/">ČESKÉ MALTÉZSKÉ MLÁDEŽE</a>, tj. dobrovolníci i hosté (nemocní), kteří se účastní pravidelných výletů, koncertů, prodeje charitativního punče, Malta Campu apod.“</p>
<p align="justify">Můžeme Vás ubezpečit, že s Vašimi osobními údaji bude zacházeno nanejvýš obezřetným způsobem a nedostanou se do rukou nikoho nepovolaného. Zásady pro zpracování osobních údajů jsou k dispozici <a href="http://www.maltezskyrad.cz/gdpr/zasady-pro-zpracovani-osobnich-udaju/">zde</a>.</p>
<p align="justify">Pokud ve Vašich osobních údajích dojde ke změně, kontaktujte nás prosíme pomocí kontaktního formuláře v sekci <a href="http://www.maltezskyrad.cz/gdpr/zmena-osobnich-udaju/">Změna osobních údajů</a>. Nový formulář v případě změny nevyplňujte.</p>
<p align="justify">Pokud se rozhodnete nám své osobní údaje neposkytnout, nebudete vyloučeni z aktivit Českého velkopřevorství Suverénního řádu Maltézských rytířů, ovšem Řád Vás nebude moci kontaktovat a informovat o konání jednotlivých akcí (například zasíláním přihlášek na akce, pozvánek, aktuálních informací apod.).</p>
<p align="justify">V případě jakýchkoliv dotazů či potíží nás neváhejte kontaktovat!</p>

<p>Vítejte na webových stránkách Českého velkopřevorství Suverénního řádu Maltézských rytířů, které se věnují problematice Nařízení Evropského parlamentu a Rady (EU) 2016/679 ze dne 27. dubna<span class="read-more-link"><a class="read-more" href="http://www.maltezskyrad.cz/gdpr/">Read More</a></span></p>
